{"id":573,"date":"2026-03-20T12:22:18","date_gmt":"2026-03-20T12:22:18","guid":{"rendered":"https:\/\/jl-wp-test.henry.server4business.de\/?page_id=573"},"modified":"2026-04-02T14:17:09","modified_gmt":"2026-04-02T14:17:09","slug":"lagerfahrzeuge","status":"publish","type":"page","link":"https:\/\/jl-wp-test.henry.server4business.de\/?page_id=573","title":{"rendered":"Lagerfahrzeuge"},"content":{"rendered":"\t\t<div class=\"wp-block-web-stories-embed web-stories-embed alignfull\">\n\t\t\t<div class=\"wp-block-embed__wrapper\" style=\"--aspect-ratio: 0.600000; --width: 360px; --height: 600px\">\n\t\t\t\t<amp-story-player>\n\t\t\t\t\t<a href=\"https:\/\/jl-wp-test.henry.server4business.de\/?web-story=story-fahrzeuge\">\n\t\t\t\t\t\t\t\t\t\t\t\t\t<img\n\t\t\t\t\t\t\t\tsrc=\"https:\/\/jl-wp-test.henry.server4business.de\/wp-content\/uploads\/2026\/03\/cropped-Slide-1-2.jpg\"\n\t\t\t\t\t\t\t\twidth=\"360\"\n\t\t\t\t\t\t\t\theight=\"600\"\n\t\t\t\t\t\t\t\talt=\"Story Fahrzeuge\"\n\t\t\t\t\t\t\t\t\t\t\t\t\t\t\t\t\t\t\t\t\t\t\t\tloading=\"lazy\"\n\t\t\t\t\t\t\t\tdecoding=\"async\"\n\t\t\t\t\t\t\t\tdata-amp-story-player-poster-img\n\t\t\t\t\t\t\t\/>\n\t\t\t\t\t\t\t\t\t\t\t\t<\/a>\n\t\t\t\t<\/amp-story-player>\n\t\t\t<\/div>\n\t\t<\/div>\n\t\t\n\n\n<div style=\"height:5px\" aria-hidden=\"true\" class=\"wp-block-spacer\"><\/div>\n\n\n\n<h2 class=\"wp-block-heading\">MEHR ALS 300 NEUWAGEN F\u00dcR SIE <strong>SOFORT VERF\u00dcGBAR<\/strong><\/h2>\n\n\n\n<p>An unserem Standorten in Eschenbach stehen Ihnen \u00fcber 300 Neufahrzeuge verschiedener Hersteller zur Verf\u00fcgung mit einem Preisnachlass gegen\u00fcber der unverbindlichen Preisempfehlung der Herstellers mit bis zu 40 %.<\/p>\n\n\n\n<p>Eine Markenvielfalt, die in der Region einzigartig ist. Zus\u00e4tzlich bieten wir Ihnen eine gro\u00dfe Auswahl an Jung- und Gebrauchtfahrzeugen. Alle von uns angebotenen Lagerfahrzeuge k\u00f6nnen sofort an Sie ausgeliefert werden. Gerne unterst\u00fctzen wir Sie mit entsprechenden Leasing- oder Finanzierungsangeboten.<\/p>\n\n\n\n<div style=\"height:2px\" aria-hidden=\"true\" class=\"wp-block-spacer\"><\/div>\n\n\n\n<div class=\"wp-block-buttons is-layout-flex wp-block-buttons-is-layout-flex\">\n<div class=\"wp-block-button has-custom-width wp-block-button__width-100\"><a class=\"wp-block-button__link has-custom-auto-ritter-background-color has-background wp-element-button\" href=\"https:\/\/jl-wp-test.henry.server4business.de\/?page_id=170\">Zur Fahrzeugsuche<\/a><\/div>\n<\/div>\n","protected":false},"excerpt":{"rendered":"<p>MEHR ALS 300 NEUWAGEN F\u00dcR SIE SOFORT VERF\u00dcGBAR An unserem Standorten in Eschenbach stehen Ihnen \u00fcber 300 Neufahrzeuge verschiedener Hersteller zur Verf\u00fcgung mit einem Preisnachlass gegen\u00fcber der unverbindlichen Preisempfehlung der Herstellers mit bis zu 40 %. Eine Markenvielfalt, die in der Region einzigartig ist. Zus\u00e4tzlich bieten wir Ihnen eine gro\u00dfe Auswahl an Jung- und Gebrauchtfahrzeugen. Alle von uns angebotenen Lagerfahrzeuge k\u00f6nnen sofort an Sie ausgeliefert werden. Gerne unterst\u00fctzen wir Sie mit entsprechenden Leasing- oder Finanzierungsangeboten.<\/p>\n","protected":false},"author":1,"featured_media":0,"parent":194,"menu_order":0,"comment_status":"closed","ping_status":"closed","template":"","meta":{"footnotes":""},"class_list":["post-573","page","type-page","status-publish","hentry"],"_links":{"self":[{"href":"https:\/\/jl-wp-test.henry.server4business.de\/index.php?rest_route=\/wp\/v2\/pages\/573","targetHints":{"allow":["GET"]}}],"collection":[{"href":"https:\/\/jl-wp-test.henry.server4business.de\/index.php?rest_route=\/wp\/v2\/pages"}],"about":[{"href":"https:\/\/jl-wp-test.henry.server4business.de\/index.php?rest_route=\/wp\/v2\/types\/page"}],"author":[{"embeddable":true,"href":"https:\/\/jl-wp-test.henry.server4business.de\/index.php?rest_route=\/wp\/v2\/users\/1"}],"replies":[{"embeddable":true,"href":"https:\/\/jl-wp-test.henry.server4business.de\/index.php?rest_route=%2Fwp%2Fv2%2Fcomments&post=573"}],"version-history":[{"count":15,"href":"https:\/\/jl-wp-test.henry.server4business.de\/index.php?rest_route=\/wp\/v2\/pages\/573\/revisions"}],"predecessor-version":[{"id":775,"href":"https:\/\/jl-wp-test.henry.server4business.de\/index.php?rest_route=\/wp\/v2\/pages\/573\/revisions\/775"}],"up":[{"embeddable":true,"href":"https:\/\/jl-wp-test.henry.server4business.de\/index.php?rest_route=\/wp\/v2\/pages\/194"}],"wp:attachment":[{"href":"https:\/\/jl-wp-test.henry.server4business.de\/index.php?rest_route=%2Fwp%2Fv2%2Fmedia&parent=573"}],"curies":[{"name":"wp","href":"https:\/\/api.w.org\/{rel}","templated":true}]}}