{"id":535,"date":"2026-03-20T11:16:58","date_gmt":"2026-03-20T11:16:58","guid":{"rendered":"https:\/\/jl-wp-test.henry.server4business.de\/?page_id=535"},"modified":"2026-04-02T14:30:34","modified_gmt":"2026-04-02T14:30:34","slug":"versicherung","status":"publish","type":"page","link":"https:\/\/jl-wp-test.henry.server4business.de\/?page_id=535","title":{"rendered":"Wir kaufen Ihr Auto"},"content":{"rendered":"\t\t<div class=\"wp-block-web-stories-embed web-stories-embed alignfull\">\n\t\t\t<div class=\"wp-block-embed__wrapper\" style=\"--aspect-ratio: 0.600000; --width: 360px; --height: 600px\">\n\t\t\t\t<amp-story-player>\n\t\t\t\t\t<a href=\"https:\/\/jl-wp-test.henry.server4business.de\/?web-story=story-fahrzeuge\">\n\t\t\t\t\t\t\t\t\t\t\t\t\t<img\n\t\t\t\t\t\t\t\tsrc=\"https:\/\/jl-wp-test.henry.server4business.de\/wp-content\/uploads\/2026\/03\/cropped-Slide-1-2.jpg\"\n\t\t\t\t\t\t\t\twidth=\"360\"\n\t\t\t\t\t\t\t\theight=\"600\"\n\t\t\t\t\t\t\t\talt=\"Story Fahrzeuge\"\n\t\t\t\t\t\t\t\t\t\t\t\t\t\t\t\t\t\t\t\t\t\t\t\tloading=\"lazy\"\n\t\t\t\t\t\t\t\tdecoding=\"async\"\n\t\t\t\t\t\t\t\tdata-amp-story-player-poster-img\n\t\t\t\t\t\t\t\/>\n\t\t\t\t\t\t\t\t\t\t\t\t<\/a>\n\t\t\t\t<\/amp-story-player>\n\t\t\t<\/div>\n\t\t<\/div>\n\t\t\n\n\n<div style=\"height:5px\" aria-hidden=\"true\" class=\"wp-block-spacer\"><\/div>\n\n\n\n<h2 class=\"wp-block-heading\"><strong>INZAHLUNGNAHME<\/strong>&nbsp;IHRES ALTEN FAHRZEUGES<\/h2>\n\n\n\n<p>Sie haben sich f\u00fcr ein Fahrzeug von Auto-Ritter entschieden und m\u00f6chten Ihr altes Auto ohne gro\u00dfen Aufwand und zu einem fairen Preis verkaufen? Kein Problem, wir nehmen Ihr Fahrzeug in Zahlung.<\/p>\n\n\n\n<h2 class=\"wp-block-heading\">Haben wir Ihr Interesse geweckt?<\/h2>\n\n\n\n<p>Um den endg\u00fcltigen Ankaufspreis Ihres Fahrzeuges berechnen zu k\u00f6nnen, ben\u00f6tigen wir von Ihnen folgenden Daten: Hersteller, Model, Baujahr, Kilometerstand, Fahrgestellnummer und Ihre Preisvorstellung.<\/p>\n\n\n\n<p>Gerne die Daten per E-Mail an&nbsp;<a href=\"mailto:einfachverkaufen@auto-ritter.de\">einfachverkaufen@auto-ritter.de<\/a>&nbsp;oder per WhatsApp an&nbsp;<a href=\"tel:015121094560\">0151 21094560<\/a>&nbsp;senden. Wir freuen uns auf Ihre Anfrage!<\/p>\n\n\n\n<div style=\"height:5px\" aria-hidden=\"true\" class=\"wp-block-spacer\"><\/div>\n\n\n\n<div class=\"wp-block-buttons is-layout-flex wp-block-buttons-is-layout-flex\">\n<div class=\"wp-block-button has-custom-width wp-block-button__width-100\"><a class=\"wp-block-button__link has-custom-auto-ritter-background-color has-background wp-element-button\" href=\"https:\/\/jl-wp-test.henry.server4business.de\/?page_id=170\" style=\"padding-right:var(--wp--preset--spacing--80);padding-left:var(--wp--preset--spacing--80)\">Zur Fahrzeugsuche<\/a><\/div>\n<\/div>\n","protected":false},"excerpt":{"rendered":"<p>INZAHLUNGNAHME&nbsp;IHRES ALTEN FAHRZEUGES Sie haben sich f\u00fcr ein Fahrzeug von Auto-Ritter entschieden und m\u00f6chten Ihr altes Auto ohne gro\u00dfen Aufwand und zu einem fairen Preis verkaufen? Kein Problem, wir nehmen Ihr Fahrzeug in Zahlung. Haben wir Ihr Interesse geweckt? Um den endg\u00fcltigen Ankaufspreis Ihres Fahrzeuges berechnen zu k\u00f6nnen, ben\u00f6tigen wir von Ihnen folgenden Daten: Hersteller, Model, Baujahr, Kilometerstand, Fahrgestellnummer und Ihre Preisvorstellung. Gerne die Daten per E-Mail an&nbsp;einfachverkaufen@auto-ritter.de&nbsp;oder per WhatsApp an&nbsp;0151 21094560&nbsp;senden. Wir freuen uns auf Ihre Anfrage!<\/p>\n","protected":false},"author":1,"featured_media":0,"parent":194,"menu_order":0,"comment_status":"closed","ping_status":"closed","template":"","meta":{"footnotes":""},"class_list":["post-535","page","type-page","status-publish","hentry"],"_links":{"self":[{"href":"https:\/\/jl-wp-test.henry.server4business.de\/index.php?rest_route=\/wp\/v2\/pages\/535","targetHints":{"allow":["GET"]}}],"collection":[{"href":"https:\/\/jl-wp-test.henry.server4business.de\/index.php?rest_route=\/wp\/v2\/pages"}],"about":[{"href":"https:\/\/jl-wp-test.henry.server4business.de\/index.php?rest_route=\/wp\/v2\/types\/page"}],"author":[{"embeddable":true,"href":"https:\/\/jl-wp-test.henry.server4business.de\/index.php?rest_route=\/wp\/v2\/users\/1"}],"replies":[{"embeddable":true,"href":"https:\/\/jl-wp-test.henry.server4business.de\/index.php?rest_route=%2Fwp%2Fv2%2Fcomments&post=535"}],"version-history":[{"count":12,"href":"https:\/\/jl-wp-test.henry.server4business.de\/index.php?rest_route=\/wp\/v2\/pages\/535\/revisions"}],"predecessor-version":[{"id":795,"href":"https:\/\/jl-wp-test.henry.server4business.de\/index.php?rest_route=\/wp\/v2\/pages\/535\/revisions\/795"}],"up":[{"embeddable":true,"href":"https:\/\/jl-wp-test.henry.server4business.de\/index.php?rest_route=\/wp\/v2\/pages\/194"}],"wp:attachment":[{"href":"https:\/\/jl-wp-test.henry.server4business.de\/index.php?rest_route=%2Fwp%2Fv2%2Fmedia&parent=535"}],"curies":[{"name":"wp","href":"https:\/\/api.w.org\/{rel}","templated":true}]}}